(n) = -n**2 - n + 2. Let b be u(0). Determine m(b).
-6
Let k(r) = 4 + r**2 + 45*r**3 - 21*r**3 - 23*r**3 - 2. What is k(2)?
14
Let b(a) = 11*a + 1. Let i(v) be the third derivative of -v**5/60 + 5*v**4/24 + 5*v**3/6 - v**2. Let t = 8 + -2. Let g be i(t). Calculate b(g).
-10
Suppose -2*l = -3 + 11. Let g(u) = u**2 + 3*u + 2. Give g(l).
6
Let v(i) = -5*i**2 - 2*i + 2. Let p(b) = 9*b**2 + 3*b - 4. Let j(n) = -4*p(n) - 7*v(n). Suppose 3*y + 3*k + 2*k - 9 = 0, k = 3*y - 9. Calculate j(y).
-1
Let v be (-2)/(-3) + (-138)/(-9). Let z be (-4)/v - (-21)/4. Let j(r) = r**3 - 6*r**2 + 4*r - 1. What is j(z)?
-6
Let c(s) = -s**2 - 3*s + 5. Suppose 3*w + 405 = 387. Calculate c(w).
-13
Let t(w) = -150*w**2 + 155*w**2 - w**3 + 5 + 4*w - 2*w. Give t(5).
15
Suppose -20 = 4*z - 2*z. Let t(x) = x + 15. Give t(z).
5
Suppose -5*q + q = -16. Let n(i) = -i**3 + 4*i**2 + 3*i - 6. Give n(q).
6
Let w(n) = -n**3 + 5*n**2 + n + 6. Let q = -31 + 36. Determine w(q).
11
Let u(d) = -d**2 - d + 2. Let t be u(-2). Let p(g) = -2*g + t*g + 0*g - 2*g**2. Let w be (-4)/18 - 32/18. What is p(w)?
-4
Let y(c) = -10*c**3 - 22*c**2 + 30*c + 17. Let r(h) = 7*h**3 + 15*h**2 - 20*h - 11. Let m(o) = 7*r(o) + 5*y(o). Determine m(-6).
-16
Let m(o) = o**2 - 7*o + 7. Let d = 11 - 5. Determine m(d).
1
Suppose -5*r = -3*x + 47, -2*x + 3 - 23 = 4*r. Let i(z) = z**2 + 5*z - 4. What is i(r)?
10
Let p be 2/(-6) - 52/(-12). Let u be 5*1/((-10)/p). Let h(m) be the first derivative of m**3/3 + m**2/2 + 2*m + 3. What is h(u)?
4
Let h = -70 - -71. Let c(s) = 22*s - 1. Give c(h).
21
Let o(m) be the first derivative of -2 + 0*m + 3/2*m**2. Suppose -2*b = -a, 0*a + 5*a = 4*b + 12. What is o(b)?
6
Let g(q) = -q + 3. Let c(t) = 2*t - 5*t - 4*t - 4 + t**2 + 0*t. Let i be c(8). Determine g(i).
-1
Let q(t) = -t**2 - t - 2. Let h(c) = 4*c**2 + 4*c + 7. Let u(s) = 2*h(s) + 7*q(s). Determine u(-1).
0
Let d(l) = -l**3 - 7*l**2 + 8*l + 2. Suppose -25 = -8*t - 89. Determine d(t).
2
Let h(w) = -w**2 - 4*w + 4. Let j be h(-4). Let y(g) be the second derivative of 0 - 1/6*g**3 + 5/2*g**2 - 5*g. Give y(j).
1
Let h(w) = w**3 - 5*w**2 - 13*w - 3. Let p be h(7). Let f(b) = -3*b + 1. What is f(p)?
-11
Let d(t) = 3*t**3 + 1. Suppose m - 2*m - 1 = 0. Determine d(m).
-2
Let y(k) be the first derivative of -3/2*k**2 + 2/3*k**3 - 2*k + 1/2*k**4 - 3. Give y(-2).
-4
Let l be -1 + (-5)/(10/2). Let w(y) = -y - 1. Let a(z) = -4*z - 4. Let r(g) = -3*a(g) + 14*w(g). Determine r(l).
2
Let h(p) = -5*p + 10. Let i(t) = 6*t - 11. Let j(g) = 5*h(g) + 4*i(g). Let b be -6*(-2)/(-4)*-1. Suppose 2*o - 15 = 2*k + 3*k, 4*o + b*k = 17. Give j(o).
1
Let g be (-4)/10 + (-273)/(-520). Let u(p) be the third derivative of 0*p + 0*p**3 - g*p**4 + 0 - p**2. Give u(-2).
6
Let f(s) = 2*s - 4. Let v(y) = 5*y - 11. Let l(d) = -8*f(d) + 3*v(d). Give l(-1).
0
Suppose -u - 13 = -4. Let d(w) = -w**3 - 9*w**2 - w - 7. Calculate d(u).
2
Let t(f) be the first derivative of f**3/3 - 3*f**2 + 4*f + 6. What is t(3)?
-5
Let s(o) = o**2 - o + 6. Let n be s(0). Let a(d) = 5*d**2 - 8*d + 16*d**2 + 6 - 20*d**2. Calculate a(n).
-6
Let r be 2/2 - (2 + -2). Let l(b) = -2*b**3 - 2*b**2 - 3. Let a(n) = 5*n**3 + 7*n**2 + 10. Let q(h) = -2*a(h) - 7*l(h). Give q(r).
5
Let f(y) be the second derivative of -1/4*y**4 - 1/20*y**5 - y + 1/2*y**2 + 0*y**3 + 0. Let s be (-14)/63 + (-3)/((-27)/(-16)). Calculate f(s).
-3
Suppose -d - 2 + 6 = 0. Let i(v) = v. What is i(d)?
4
Let v(i) = -i**3 - 2*i**2 + 1. Let b be v(-2). Let h(p) = p + 2*p**2 + p**3 - 1 + p**3 - 3*p**3. What is h(b)?
1
Let f(h) = -h**3 - 4*h**2 + 3. Let l be f(-4). Let i(b) = -b + 14. Let k be i(10). Let w(n) = 4 - 9 + 1 + k*n. Give w(l).
8
Let z(j) = 6*j + 1. Let c(x) = x**3 - 5*x**2 + 5*x - 27. Let t be c(5). Determine z(t).
-11
Let p(a) = a**3 - 5*a**2 + 5*a - 2. Let h be p(4). Suppose h*r = 3*r - 2. Let g(j) be the third derivative of j**4/12 - j**3/2 + 2*j**2. Give g(r).
1
Suppose 3*n - 11 = 1. Let w(y) = 3*y - 4*y - n + 8. Suppose -7*o + 3*o + m = -11, 4*o + m - 13 = 0. What is w(o)?
1
Let s = 5 - -7. Suppose -2*d = d - s. Let w(g) = -3*g**2 + 2*g - 7. Let y(v) = 7*v**2 - 3*v + 15. Let b(h) = -5*w(h) - 2*y(h). Calculate b(d).
5
Let b(k) be the third derivative of 0 + 1/60*k**5 - 1/6*k**4 + 0*k + 2*k**2 - 4/3*k**3. Let a(q) = -q**2 - 6*q - 2. Let h be a(-4). Calculate b(h).
4
Let t(w) = w**3 + 5*w**2 + 7*w + 4. Let g be (2 + -2)*(2 + -3). Let v be -2 + -1 + g + -3. Let s = -10 - v. Calculate t(s).
-8
Let o(d) = d + 1. Let r be ((-1)/2)/((-1)/(-16)). Let t = -2 - r. Let m = -2 + t. What is o(m)?
5
Let u(y) be the first derivative of -1/2*y**2 - 1 + y + 1/3*y**3. Give u(2).
3
Let o(d) = -d + 1. Let r(q) = -q**2 + 2*q - 2. Let n(c) = 3*o(c) - r(c). Give n(5).
5
Let q(z) = 2*z**2 - 3*z. Let h(w) = 2*w**2 + 2*w - 3*w**2 + 0*w. Let b(a) = -3*h(a) - 2*q(a). Calculate b(2).
-4
Let m = -488 - -484. Let a(y) be the third derivative of y**4/12 + 2*y**3/3 - y**2. Give a(m).
-4
Let h(r) = 2*r + 2. Let x be h(-3). Let d(u) be the first derivative of -u - 1. Let f(n) = -n**2 + 5*n + 1. Let p(t) = x*d(t) - f(t). What is p(3)?
-3
Let b(r) = -5*r - 1. Let i(j) = j - 1 - 4*j - 2*j - j. Let h be i(-1). Let m = -4 + h. Give b(m).
-6
Let b = 4 - 2. Let m(t) be the second derivative of -t**7/2520 + t**6/360 + t**4/6 - 5*t. Let i(z) be the third derivative of m(z). Determine i(b).
0
Let t(g) be the third derivative of -g**6/120 + g**5/15 - g**4/12 - g**3/3 + 2*g**2. Let s be t(3). Let d(u) = -2 - 4*u**2 + s + u**3 + 5. Determine d(4).
4
Let m(k) be the second derivative of -k**6/120 + k**5/10 + k**4/3 - k**3/3 - k**2 + 9*k. Let i(t) be the first derivative of m(t). Give i(7).
5
Suppose 2*r + 8 = 2*w, -3*r = r - 4. Let a = w - 6. Let n be (-48)/18 - a/(-3). Let d(u) = u**3 + 3*u**2 - 3*u - 1. Calculate d(n).
8
Suppose 0 + 3 = -3*o. Let k be 1/(o/(-3)) + -4. Let t(m) be the third derivative of m**6/120 - m**5/60 - m**4/24 + m**2. What is t(k)?
-1
Suppose 2*q - 7*q + 30 = 0. Let m(s) be the first derivative of s**3/3 - 3*s**2 - 2*s - 1. Calculate m(q).
-2
Let w(i) = 13*i + 1. Let q be (-1)/2*12/(-2). Suppose 5*y + 6 = -k + q, -4*k - 4*y = -4. Suppose -k = -0*g + 2*g. What is w(g)?
-12
Let p(z) = -z**2 - 5*z + 8. Let s be p(-6). Suppose 0 = -3*a - l + 11, 6*a - 2*a - 17 = l. Let d(h) = 0 + 2 - 3*h + 0*h - a. Calculate d(s).
-8
Let h = 17 + -17. Let i = 4 - h. Let a(v) = -v + 9. Calculate a(i).
5
Let g(x) = -x**2 - 4*x - 1. Let r be g(-4). Let t = r - -2. Let u(y) = -2*y + 1 + 4*y + 3*y**2 + y**3 + t. Calculate u(-2).
2
Let f(n) = 2*n**3 + 4*n**2 + 4*n + 3. Suppose -7*b = 9 + 12. Give f(b).
-27
Let s(a) be the third derivative of -a**4/12 - 2*a**3/3 - 9*a**2. Let p be -9*(-2)/3*-1. Give s(p).
8
Let r(g) be the second derivative of g**4/12 + g**3/3 + 3*g**2/2 - 4*g - 3. What is r(-3)?
6
Let x(b) = 3*b + 1. Let k = 20 + -12. Suppose 2*a + k = 6*a. Determine x(a).
7
Let z(a) be the second derivative of 2*a + 0 + 1/2*a**3 + a**2. What is z(-2)?
-4
Let c(l) = l + 1. Let k(h) = h**2 - 10*h - 7. Suppose -m - 2 = 2*u, m + 5 = u + 15. Let z(a) = m*c(a) + k(a). Determine z(2).
-5
Let i(h) = -3*h**2 + h + 3. Let u(m) = 3*m**2 - m - 4. Let l(k) = 5*i(k) + 4*u(k). Suppose -3*w + w = -2. Let o be 1/(-3)*(w + -4). What is l(o)?
-3
Let z(u) be the third derivative of u**6/120 - u**5/15 - u**4/4 - 2*u**3/3 + u**2. What is z(5)?
-9
Let a(x) = -6*x**2 + 11*x + 1. Let k(h) = -9*h**2 + 17*h + 1. Let s(c) = -8*a(c) + 5*k(c). Give s(3).
15
Let x(b) = -2*b**2 - 8*b + 1. Let u(f) = -f**2 - 4*f + 1. Let t(g) = 13*u(g) - 6*x(g). Let y(k) be the first derivative of t(k). Calculate y(-4).
4
Let o(s) = -2*s + 4. Let l(d) = -5*d + 3*d + 3*d + 1. Let v(q) = l(q) + o(q). Give v(6).
-1
Let b be 1/(1/4 + 0). Let h(z) = -5 + b*z + 5 - z**3 - z**2 + 3. What is h(-3)?
9
Let j(q) = -q**2 - 17*q - 32. Let w be j(-15). Let o(m) = -3*m**3 - 3*m**2 - 4*m - 3. What is o(w)?
17
Let w(x) = 15*x - 21. Let f(h) = -h + 1. Let i(r) = 18*f(r) + w(r). Calculate i(-6).
15
Let i(t) = 8*t**2. Suppose 7*l = 3*l + 8, 5*l = 3*p + 13. Determine i(p).
8
Let y(j) be the second derivative of j**6/720 - j**5/30 - 11*j**4/12 + 6*j. Let z(r) be the third derivative of y(r). Give z(6).
2
Let u(i) = -1. Let v(s) = s + 5. Let x(j) = 5*u(j) + v(j). Let a = -6 - -5. Calculate x(a).
-1
Let h(r) = -5*r - 5. Let s(a) 